pose 2*u = 7*u. Let j(b) = -b**2 - 4 + u*b**2 + 9*b + b. Let f be j(4). What is the highest common factor of 50 and f?
10
Let l be (-12 - -4)/((-6)/3). What is the highest common divisor of 4 and l?
4
Suppose 0 = -4*f + 11 + 9. Suppose 3*x = f*x - 48. What is the greatest common divisor of x and 4?
4
Let i(n) = -2*n + 10. Let l be i(9). Let j be (1 + l/(-2))*13. What is the greatest common factor of 26 and j?
13
Suppose -5*a + 62 = 612. Let d = a + 278. Calculate the highest common divisor of 21 and d.
21
Let z = -33 - -36. Calculate the greatest common divisor of 27 and z.
3
Let i = -54 - -96. Calculate the greatest common factor of 14 and i.
14
Let n = 13 + 11. Suppose 0 = 2*c + 5*i + 13, 2*c - 16 - 16 = 4*i. What is the greatest common factor of c and n?
6
Let x(b) = 2*b - 3. Let p be x(4). Suppose -p*c = -10*c + 140. Calculate the greatest common factor of 70 and c.
14
Let i = 1 - -3. Let d = 12 + i. Suppose -2*u + 1 = -3*h, h + 55 = 5*u + 4*h. What is the greatest common divisor of u and d?
8
Suppose 4*b = -b - 5, 5*h - 3*b - 103 = 0. Calculate the greatest common divisor of h and 80.
20
Let y(v) = v**3 + 5*v**2 - v + 3. Suppose 2*g + 2*b - 10 = -2*b, 2*b = 5*g + 35. Let d be y(g). What is the highest common factor of 32 and d?
8
Let u(r) = -2*r**2 + 27*r - 4. Let s be u(12). What is the greatest common divisor of s and 8?
8
Let c = -333 + 510. Suppose c = 3*q + 3*n, 5*q - n - 307 = -3*n. What is the highest common divisor of q and 21?
21
Suppose 401 = 4*f - 127. What is the highest common factor of f and 12?
12
Let k(l) = 33*l**2 - 2*l + 1. Let i be k(1). Let h be (-146)/(-8) + (-8)/i. Calculate the highest common divisor of h and 18.
18
Suppose s + 9 = 24. What is the greatest common factor of 75 and s?
15
Let a(c) = 9*c**3 + c**2 - c. Let r be a(1). Let b(d) = d**3 - 8*d**2 + 10. Let m be b(r). What is the greatest common factor of 13 and m?
13
Let o be (3 - 1)/((-2)/(-10)). What is the highest common factor of 30 and o?
10
Let i = -1 + 5. Let m(n) = 2*n**3 - 17*n**2 - n - 28. Let k be m(9). What is the greatest common factor of k and i?
4
Suppose b + 3 = 5. Suppose z + b*a = 6*z - 101, -5*z + 86 = 3*a. Let n(w) = w**2 + 2*w - 6. Let t be n(-9). What is the greatest common factor of t and z?
19
Suppose 4*p - 241 = -5*i + 2*i, p = i + 69. Calculate the highest common factor of 96 and p.
32
Let j(b) = b**2 + 3*b. Let s be j(-5). Suppose s = 4*q - 6. Suppose -4*d = q*h - 3*h + 9, 5 = 3*h + 4*d. Calculate the highest common factor of 7 and h.
7
Suppose 5*c - 260 = -8*c. Calculate the greatest common factor of c and 140.
20
Let h be 3/(-2)*(-44)/6. Calculate the highest common factor of h and 22.
11
Let c = 78 + -56. What is the highest common factor of c and 55?
11
Suppose -20 = -4*k + 4*a, 2 = -a + 3. Calculate the greatest common factor of k and 22.
2
Let p be 15/4 + 1/4. Let o(q) = 8*q - 3. Let x be o(6). Suppose 5*s - 63 = -r, 0 = 4*s - 2*r + 3 - x. Calculate the greatest common factor of p and s.
4
Let i = -31 - -38. Calculate the highest common divisor of 7 and i.
7
Let c(q) = -3*q + 1. Suppose 2*k - 14 = 2*f, 0*f - 29 = 3*f + k. Let n be c(f). Calculate the highest common factor of 252 and n.
28
Let s(n) = -n + 12. Let d be s(12). Suppose q + 2*q - 63 = d. What is the greatest common factor of q and 84?
21
Suppose 0 = l - 4*l + 90. Let g = l - -5. Let n = -10 + 17. What is the highest common factor of n and g?
7
Let d be (2/(2/1))/((-2)/(-58)). Calculate the highest common factor of 29 and d.
29
Suppose 3 = -2*b - 5. Let x be (-5)/((-10)/(-8)) - -12. Let s be (2/b)/((-1)/x). Calculate the greatest common factor of 32 and s.
4
Let q be (0 + (-3)/6)*-50. Suppose -q = -4*f + 7. Calculate the greatest common factor of 16 and f.
8
Suppose -4*i = -4*w - 76, -6*i + 3*i = -2*w - 60. Suppose 0 = v + 5*v - 330. What is the greatest common divisor of v and i?
11
Let p(j) = -j**3 - 5*j**2 - 13*j. Let f be p(-4). Let u(k) = k**3 + 5*k**2 - 7*k + 3. Let y be u(-6). What is the highest common factor of y and f?
9
Suppose g + 5*n = 3*g - 53, 0 = -3*g - 2*n + 127. Suppose -12*m - 26 = -13*m. What is the greatest common divisor of m and g?
13
Let w be 4/(-10) + 58/(-5). Suppose 0*p + 40 = -p. Let b be ((-33)/w)/((-2)/p). What is the highest common factor of b and 22?
11
Suppose -2*s + 10 = -7*s. Let g be s/(-3) + (-116)/(-6). Calculate the highest common factor of 5 and g.
5
Let m be -3*(3 - 62/6). What is the highest common factor of m and 33?
11
Let o(c) = c**2 + 1. Let d be o(-1). Suppose -5*k = -5*g + 100, 2*g - 3*k = -4 + 44. Calculate the greatest common factor of g and d.
2
Suppose 0 = -0*w - 3*w + 693. Suppose -29 - 34 = -3*b. Calculate the greatest common factor of b and w.
21
Let l(a) = a**3 - 6*a**2 - a. Let u be l(6). Let y(r) = 2*r**2 + 8*r - 4. Let f be y(u). What is the highest common factor of 4 and f?
4
Let m = 3 + 1. Suppose -5*r = -10, -2*h + m*r - 8*r + 32 = 0. What is the highest common factor of 96 and h?
12
Let q = -15 + 27. Let z = q - -3. Let h(c) = -c**3 - 7*c**2 + 6. Let v be h(-7). Calculate the greatest common factor of v and z.
3
Suppose -4*g - z + 29 = 0, -4*z = g - 2*g - 14. What is the highest common factor of g and 18?
6
Let u = -3 + 3. Let f be u - 108/((-6)/2). What is the greatest common divisor of 9 and f?
9
Let y(g) = -g**3 - 5*g**2 + 6*g + 8. Let l be y(-6). What is the greatest common divisor of l and 32?
8
Let a = 12 - 0. Calculate the highest common divisor of a and 60.
12
Let t = -2 - -5. What is the greatest common factor of 27 and t?
3
Let c(i) = i - 5. Let w be c(10). Suppose 0 = w*a - 18 - 62. What is the greatest common divisor of 128 and a?
16
Suppose 3*j - 5*j + g + 40 = 0, -g = -4*j + 82. What is the greatest common factor of 231 and j?
21
Suppose 32 - 8 = i. Calculate the highest common divisor of 24 and i.
24
Let m = -5 - -7. Suppose 0 = -2*t + 36 - 4. Calculate the greatest common factor of m and t.
2
Let w(c) = c**3 - 6*c**2 - c - 6. Let x be w(7). Let g = 31 + -22. What is the greatest common factor of g and x?
9
Let u = 1 - -185. Let a = u - 98. Calculate the highest common factor of 11 and a.
11
Let t(n) = 2*n**2 - 3. Let i be t(-2). What is the highest common divisor of i and 2?
1
Let i be ((-16)/6)/(651/(-108) - -6). Calculate the highest common divisor of 6 and i.
6
Suppose -n + 38 = -5*q - 36, 3*q + 260 = 5*n. Suppose -5*k = -2*k - 21. What is the greatest common factor of k and n?
7
Let g be (128/(-24))/(4/(-90)). Calculate the highest common factor of g and 48.
24
Suppose -2*a = j - 176, 3*a - 6*j = -2*j + 264. Calculate the greatest common factor of 11 and a.
11
Let i(t) = -t**3 - 4*t**2 - 3*t + 2. Let z be i(-3). Suppose z*f - 3*f + 8 = 0. What is the highest common factor of f and 24?
8
Suppose -5*n + 5 = -5. Suppose n*a - 12 = 6. Calculate the highest common divisor of a and 45.
9
Let t be -4 - 1/(-1) - -14. Calculate the highest common factor of 88 and t.
11
Let g(i) = 4*i**3 - 4*i**2 + 3*i - 4. Let f be g(3). Let s be 6/12*22*1. Calculate the highest common factor of f and s.
11
Suppose -3*l + 442 = -4*y, -3*y - l = 2*l + 321. Let c = 35 - y. Suppose 3*f = -f + c. Calculate the greatest common divisor of 9 and f.
9
Suppose 5*s - 3*l - 80 + 11 = 0, 3*s = 2*l + 42. Suppose 9*u - 463 = 293. Calculate the highest common divisor of s and u.
12
Suppose 5*v - m - 44 = 0, 3*m = -5*v + 30 + 18. Calculate the highest common divisor of 72 and v.
9
Suppose 3*m = -2*c + 83, m + 0 - 6 = -5*c. Suppose i = m - 12. Let w = i + -1. What is the highest common divisor of w and 45?
9
Suppose -t + 12 = 3*t. Suppose -3*n + 4*h = -20, -n + t*h = h - 8. Suppose -n*d = -d + p + 1, -3*d - 4*p = 13. Calculate the greatest common divisor of 7 and d.
1
Suppose 12*f - 7*f = 760. What is the highest common factor of f and 19?
19
Let o = 13 - -3. Let r(q) = -q + 8. Let g be r(0). Suppose 0 = -5*k + 32 + g. What is the greatest common divisor of k and o?
8
Let x = 5 + 18. Let j = x + -14. Calculate the highest common divisor of 18 and j.
9
Suppose -2*v + 2 - 4 = t, t + 5*v + 11 = 0. Suppose 0 = 2*z - t*z + 2. Suppose -z = -4*c + 11. Calculate the greatest common divisor of 27 and c.
3
Suppose -3*q + 12 = -5*z - 59, -3*q + 106 = 2*z. What is the greatest common factor of 8 and q?
8
Let z be ((-30)/(-7))/((-62)